{"id":127,"date":"2021-10-03T12:58:48","date_gmt":"2021-10-03T12:58:48","guid":{"rendered":"https:\/\/cranio-hagen.at\/?page_id=127"},"modified":"2021-11-04T19:51:25","modified_gmt":"2021-11-04T19:51:25","slug":"zur-ruhe-kommen","status":"publish","type":"page","link":"https:\/\/cranio-hagen.at\/?page_id=127","title":{"rendered":"Zur Ruhe kommen"},"content":{"rendered":"<p style=\"text-align: center;\"><strong>Je Stiller du wirst, umso mehr kannst du h\u00f6ren.<\/strong><br \/>\n<em>Ram Dass<\/em><\/p>\n<p style=\"text-align: center;\">K\u00f6rperliche und seelische Belastungen, hinterlassen Spuren in unserem Nervensystem. Symptome wie Stress, Migr\u00e4ne, Schlafst\u00f6rungen oder Gereiztheit k\u00f6nnen entstehen.<\/p>\n<p style=\"text-align: center;\">Craniosacrale Biodynamik wirkt beruhigend auf das Nervensystems Stress und Verspannungen k\u00f6nnen losgelassen werden und eine tiefe Entspannung tritt ein. Eine tiefte, innere Selbstwahrnehmung entsteht. Wenn wir in uns still werden, finden wir auf nat\u00fcrliche Weise unsere Mitte wieder. Wir treten in Kontakt mit unseren Ressourcen, die als selbst heilende Kraft wirksam wird. Zust\u00e4nde von Gereiztheit und Nervosit\u00e4t beruhigen sich. Gef\u00fchle wie L\u00e4hmung oder Erstarrung verwandeln sich wieder in Lebendigkeit.<\/p>\n<p style=\"text-align: center;\"><strong>Stillpunkt (Still Point)<\/strong><\/p>\n<p style=\"text-align: center;\">Stillpunkte sind in der Craniosacralen Methode das ,,Zur Ruhe kommen\u201c von K\u00f6rper und Geist. Das ganze System h\u00e4lt f\u00fcr einen Moment inne und kann sich neu ordnen.<\/p>\n<p style=\"text-align: center;\">Das Nervensystem kann sich beruhigen und Erfahrenes integrieren. Auch der Klient erlebt diesen Moment als tiefe, entspannende Stille.<\/p>\n","protected":false},"excerpt":{"rendered":"<p>Je Stiller du wirst, umso mehr kannst du h\u00f6ren. Ram Dass K\u00f6rperliche und seelische Belastungen, hinterlassen Spuren in unserem Nervensystem. Symptome wie Stress, Migr\u00e4ne, Schlafst\u00f6rungen oder Gereiztheit k\u00f6nnen entstehen. Craniosacrale Biodynamik wirkt beruhigend auf das Nervensystems Stress und Verspannungen k\u00f6nnen losgelassen werden und eine tiefe Entspannung tritt ein. Eine tiefte, innere Selbstwahrnehmung entsteht. Wenn wir &hellip; <\/p>\n<p class=\"link-more\"><a href=\"https:\/\/cranio-hagen.at\/?page_id=127\" class=\"more-link\"><span class=\"screen-reader-text\">\u201eZur Ruhe kommen\u201c<\/span> weiterlesen<\/a><\/p>\n","protected":false},"author":1,"featured_media":0,"parent":0,"menu_order":0,"comment_status":"closed","ping_status":"closed","template":"","meta":{"spay_email":""},"_links":{"self":[{"href":"https:\/\/cranio-hagen.at\/index.php?rest_route=\/wp\/v2\/pages\/127"}],"collection":[{"href":"https:\/\/cranio-hagen.at\/index.php?rest_route=\/wp\/v2\/pages"}],"about":[{"href":"https:\/\/cranio-hagen.at\/index.php?rest_route=\/wp\/v2\/types\/page"}],"author":[{"embeddable":true,"href":"https:\/\/cranio-hagen.at\/index.php?rest_route=\/wp\/v2\/users\/1"}],"replies":[{"embeddable":true,"href":"https:\/\/cranio-hagen.at\/index.php?rest_route=%2Fwp%2Fv2%2Fcomments&post=127"}],"version-history":[{"count":6,"href":"https:\/\/cranio-hagen.at\/index.php?rest_route=\/wp\/v2\/pages\/127\/revisions"}],"predecessor-version":[{"id":306,"href":"https:\/\/cranio-hagen.at\/index.php?rest_route=\/wp\/v2\/pages\/127\/revisions\/306"}],"wp:attachment":[{"href":"https:\/\/cranio-hagen.at\/index.php?rest_route=%2Fwp%2Fv2%2Fmedia&parent=127"}],"curies":[{"name":"wp","href":"https:\/\/api.w.org\/{rel}","templated":true}]}}