{"id":135,"date":"2021-10-03T13:05:55","date_gmt":"2021-10-03T13:05:55","guid":{"rendered":"https:\/\/cranio-hagen.at\/?page_id=135"},"modified":"2021-11-04T19:50:46","modified_gmt":"2021-11-04T19:50:46","slug":"kraft-tanken","status":"publish","type":"page","link":"https:\/\/cranio-hagen.at\/?page_id=135","title":{"rendered":"Kraft tanken"},"content":{"rendered":"<p style=\"text-align: center;\"><strong>Kraft tanken \u2013<\/strong><strong style=\"font-size: 1rem;\">\u00a0Leben manifestiert sich in Bewegung, Heilung passiert in er Stille.<br \/>\n<\/strong><em>Dr. Rollin Becker<\/em><\/p>\n<p style=\"text-align: center;\">Die Betrachtungsweise der Craniosacralen Biodynamik ist das St\u00e4rken der inneren und \u00e4u\u00dferen Ressourcen des Klienten. Feine manuelle Impulse f\u00f6rdern die Eigenregulierung des K\u00f6rpers. Der K\u00f6rper kann wieder in Kontakt zu seinen inneren Ressourcen treten und neue Kraft hervorbringen.<\/p>\n<p style=\"text-align: center;\">Durch die St\u00e4rkung des biodynamischen Potentials des K\u00f6rpers, wird die Leistungsf\u00e4higkeit des Immunsystems unterst\u00fctzt und die Stressfaktoren reduziert. Die Craniosacrale Biodynamik kann damit auch zur Erhaltung von Gesundheit und Wohlbefinden eingesetzt werden.<\/p>\n","protected":false},"excerpt":{"rendered":"<p>Kraft tanken \u2013\u00a0Leben manifestiert sich in Bewegung, Heilung passiert in er Stille. Dr. Rollin Becker Die Betrachtungsweise der Craniosacralen Biodynamik ist das St\u00e4rken der inneren und \u00e4u\u00dferen Ressourcen des Klienten. Feine manuelle Impulse f\u00f6rdern die Eigenregulierung des K\u00f6rpers. Der K\u00f6rper kann wieder in Kontakt zu seinen inneren Ressourcen treten und neue Kraft hervorbringen. Durch die &hellip; <\/p>\n<p class=\"link-more\"><a href=\"https:\/\/cranio-hagen.at\/?page_id=135\" class=\"more-link\"><span class=\"screen-reader-text\">\u201eKraft tanken\u201c<\/span> weiterlesen<\/a><\/p>\n","protected":false},"author":1,"featured_media":0,"parent":0,"menu_order":0,"comment_status":"closed","ping_status":"closed","template":"","meta":{"spay_email":""},"_links":{"self":[{"href":"https:\/\/cranio-hagen.at\/index.php?rest_route=\/wp\/v2\/pages\/135"}],"collection":[{"href":"https:\/\/cranio-hagen.at\/index.php?rest_route=\/wp\/v2\/pages"}],"about":[{"href":"https:\/\/cranio-hagen.at\/index.php?rest_route=\/wp\/v2\/types\/page"}],"author":[{"embeddable":true,"href":"https:\/\/cranio-hagen.at\/index.php?rest_route=\/wp\/v2\/users\/1"}],"replies":[{"embeddable":true,"href":"https:\/\/cranio-hagen.at\/index.php?rest_route=%2Fwp%2Fv2%2Fcomments&post=135"}],"version-history":[{"count":3,"href":"https:\/\/cranio-hagen.at\/index.php?rest_route=\/wp\/v2\/pages\/135\/revisions"}],"predecessor-version":[{"id":305,"href":"https:\/\/cranio-hagen.at\/index.php?rest_route=\/wp\/v2\/pages\/135\/revisions\/305"}],"wp:attachment":[{"href":"https:\/\/cranio-hagen.at\/index.php?rest_route=%2Fwp%2Fv2%2Fmedia&parent=135"}],"curies":[{"name":"wp","href":"https:\/\/api.w.org\/{rel}","templated":true}]}}